{"id":28,"date":"2022-07-11T12:42:21","date_gmt":"2022-07-11T12:42:21","guid":{"rendered":"http:\/\/www.iskierkapromyczektorun.com.pl\/?page_id=28"},"modified":"2022-07-11T18:36:45","modified_gmt":"2022-07-11T18:36:45","slug":"zlobek-maluszki","status":"publish","type":"page","link":"http:\/\/www.iskierkapromyczektorun.com.pl\/index.php\/zlobek-maluszki\/","title":{"rendered":"\u017b\u0142obek &#8211; Maluszki"},"content":{"rendered":"","protected":false},"excerpt":{"rendered":"","protected":false},"author":1,"featured_media":0,"parent":0,"menu_order":0,"comment_status":"closed","ping_status":"closed","template":"","meta":[],"yoast_head":"<!-- This site is optimized with the Yoast SEO plugin v19.5.1 - https:\/\/yoast.com\/wordpress\/plugins\/seo\/ -->\n<title>\u017b\u0142obek - Maluszki - Przedszkole Niepubliczne &quot;Promyczek&quot;, Niepubliczny \u017b\u0142obek &quot;Iskierka&quot;<\/title>\n<meta name=\"robots\" content=\"index, follow, max-snippet:-1, max-image-preview:large, max-video-preview:-1\" \/>\n<link rel=\"canonical\" href=\"http:\/\/www.iskierkapromyczektorun.com.pl\/index.php\/zlobek-maluszki\/\" \/>\n<meta property=\"og:locale\" content=\"pl_PL\" \/>\n<meta property=\"og:type\" content=\"article\" \/>\n<meta property=\"og:title\" content=\"\u017b\u0142obek - Maluszki - Przedszkole Niepubliczne &quot;Promyczek&quot;, Niepubliczny \u017b\u0142obek &quot;Iskierka&quot;\" \/>\n<meta property=\"og:url\" content=\"http:\/\/www.iskierkapromyczektorun.com.pl\/index.php\/zlobek-maluszki\/\" \/>\n<meta property=\"og:site_name\" content=\"Przedszkole Niepubliczne &quot;Promyczek&quot;, Niepubliczny \u017b\u0142obek &quot;Iskierka&quot;\" \/>\n<meta property=\"article:publisher\" content=\"https:\/\/www.facebook.com\/promyczek.iskierka\/\" \/>\n<meta property=\"article:modified_time\" content=\"2022-07-11T18:36:45+00:00\" \/>\n<meta name=\"twitter:card\" content=\"summary_large_image\" \/>\n<script type=\"application\/ld+json\" class=\"yoast-schema-graph\">{\"@context\":\"https:\/\/schema.org\",\"@graph\":[{\"@type\":\"WebPage\",\"@id\":\"http:\/\/www.iskierkapromyczektorun.com.pl\/index.php\/zlobek-maluszki\/\",\"url\":\"http:\/\/www.iskierkapromyczektorun.com.pl\/index.php\/zlobek-maluszki\/\",\"name\":\"\u017b\u0142obek - Maluszki - Przedszkole Niepubliczne &quot;Promyczek&quot;, Niepubliczny \u017b\u0142obek &quot;Iskierka&quot;\",\"isPartOf\":{\"@id\":\"http:\/\/www.iskierkapromyczektorun.com.pl\/#website\"},\"datePublished\":\"2022-07-11T12:42:21+00:00\",\"dateModified\":\"2022-07-11T18:36:45+00:00\",\"breadcrumb\":{\"@id\":\"http:\/\/www.iskierkapromyczektorun.com.pl\/index.php\/zlobek-maluszki\/#breadcrumb\"},\"inLanguage\":\"pl-PL\",\"potentialAction\":[{\"@type\":\"ReadAction\",\"target\":[\"http:\/\/www.iskierkapromyczektorun.com.pl\/index.php\/zlobek-maluszki\/\"]}]},{\"@type\":\"BreadcrumbList\",\"@id\":\"http:\/\/www.iskierkapromyczektorun.com.pl\/index.php\/zlobek-maluszki\/#breadcrumb\",\"itemListElement\":[{\"@type\":\"ListItem\",\"position\":1,\"name\":\"Strona g\u0142\u00f3wna\",\"item\":\"http:\/\/www.iskierkapromyczektorun.com.pl\/\"},{\"@type\":\"ListItem\",\"position\":2,\"name\":\"\u017b\u0142obek &#8211; Maluszki\"}]},{\"@type\":\"WebSite\",\"@id\":\"http:\/\/www.iskierkapromyczektorun.com.pl\/#website\",\"url\":\"http:\/\/www.iskierkapromyczektorun.com.pl\/\",\"name\":\"Przedszkole Niepubliczne &quot;Promyczek&quot;, Niepubliczny \u017b\u0142obek &quot;Iskierka&quot;\",\"description\":\"Przedszkole Niepubliczne &quot;Promyczek&quot;, Niepubliczny \u017b\u0142obek &quot;Iskierka&quot;\",\"publisher\":{\"@id\":\"http:\/\/www.iskierkapromyczektorun.com.pl\/#organization\"},\"potentialAction\":[{\"@type\":\"SearchAction\",\"target\":{\"@type\":\"EntryPoint\",\"urlTemplate\":\"http:\/\/www.iskierkapromyczektorun.com.pl\/?s={search_term_string}\"},\"query-input\":\"required name=search_term_string\"}],\"inLanguage\":\"pl-PL\"},{\"@type\":\"Organization\",\"@id\":\"http:\/\/www.iskierkapromyczektorun.com.pl\/#organization\",\"name\":\"Niepubliczny \u017b\u0142obek \\\"Iskierka i Niepubliczne Przedszkole \\\"Promyczek\\\"\",\"url\":\"http:\/\/www.iskierkapromyczektorun.com.pl\/\",\"sameAs\":[\"https:\/\/www.instagram.com\/iskierka.promyczek.torun\/\",\"https:\/\/www.facebook.com\/promyczek.iskierka\/\"],\"logo\":{\"@type\":\"ImageObject\",\"inLanguage\":\"pl-PL\",\"@id\":\"http:\/\/www.iskierkapromyczektorun.com.pl\/#\/schema\/logo\/image\/\",\"url\":\"http:\/\/www.iskierkapromyczektorun.com.pl\/wp-content\/uploads\/2022\/07\/cropped-cropped-cropped-cropped-cropped-cropped-ISKIERKA-1.jpg\",\"contentUrl\":\"http:\/\/www.iskierkapromyczektorun.com.pl\/wp-content\/uploads\/2022\/07\/cropped-cropped-cropped-cropped-cropped-cropped-ISKIERKA-1.jpg\",\"width\":250,\"height\":250,\"caption\":\"Niepubliczny \u017b\u0142obek \\\"Iskierka i Niepubliczne Przedszkole \\\"Promyczek\\\"\"},\"image\":{\"@id\":\"http:\/\/www.iskierkapromyczektorun.com.pl\/#\/schema\/logo\/image\/\"}}]}<\/script>\n<!-- \/ Yoast SEO plugin. -->","yoast_head_json":{"title":"\u017b\u0142obek - Maluszki - Przedszkole Niepubliczne &quot;Promyczek&quot;, Niepubliczny \u017b\u0142obek &quot;Iskierka&quot;","robots":{"index":"index","follow":"follow","max-snippet":"max-snippet:-1","max-image-preview":"max-image-preview:large","max-video-preview":"max-video-preview:-1"},"canonical":"http:\/\/www.iskierkapromyczektorun.com.pl\/index.php\/zlobek-maluszki\/","og_locale":"pl_PL","og_type":"article","og_title":"\u017b\u0142obek - Maluszki - Przedszkole Niepubliczne &quot;Promyczek&quot;, Niepubliczny \u017b\u0142obek &quot;Iskierka&quot;","og_url":"http:\/\/www.iskierkapromyczektorun.com.pl\/index.php\/zlobek-maluszki\/","og_site_name":"Przedszkole Niepubliczne &quot;Promyczek&quot;, Niepubliczny \u017b\u0142obek &quot;Iskierka&quot;","article_publisher":"https:\/\/www.facebook.com\/promyczek.iskierka\/","article_modified_time":"2022-07-11T18:36:45+00:00","twitter_card":"summary_large_image","schema":{"@context":"https:\/\/schema.org","@graph":[{"@type":"WebPage","@id":"http:\/\/www.iskierkapromyczektorun.com.pl\/index.php\/zlobek-maluszki\/","url":"http:\/\/www.iskierkapromyczektorun.com.pl\/index.php\/zlobek-maluszki\/","name":"\u017b\u0142obek - Maluszki - Przedszkole Niepubliczne &quot;Promyczek&quot;, Niepubliczny \u017b\u0142obek &quot;Iskierka&quot;","isPartOf":{"@id":"http:\/\/www.iskierkapromyczektorun.com.pl\/#website"},"datePublished":"2022-07-11T12:42:21+00:00","dateModified":"2022-07-11T18:36:45+00:00","breadcrumb":{"@id":"http:\/\/www.iskierkapromyczektorun.com.pl\/index.php\/zlobek-maluszki\/#breadcrumb"},"inLanguage":"pl-PL","potentialAction":[{"@type":"ReadAction","target":["http:\/\/www.iskierkapromyczektorun.com.pl\/index.php\/zlobek-maluszki\/"]}]},{"@type":"BreadcrumbList","@id":"http:\/\/www.iskierkapromyczektorun.com.pl\/index.php\/zlobek-maluszki\/#breadcrumb","itemListElement":[{"@type":"ListItem","position":1,"name":"Strona g\u0142\u00f3wna","item":"http:\/\/www.iskierkapromyczektorun.com.pl\/"},{"@type":"ListItem","position":2,"name":"\u017b\u0142obek &#8211; Maluszki"}]},{"@type":"WebSite","@id":"http:\/\/www.iskierkapromyczektorun.com.pl\/#website","url":"http:\/\/www.iskierkapromyczektorun.com.pl\/","name":"Przedszkole Niepubliczne &quot;Promyczek&quot;, Niepubliczny \u017b\u0142obek &quot;Iskierka&quot;","description":"Przedszkole Niepubliczne &quot;Promyczek&quot;, Niepubliczny \u017b\u0142obek &quot;Iskierka&quot;","publisher":{"@id":"http:\/\/www.iskierkapromyczektorun.com.pl\/#organization"},"potentialAction":[{"@type":"SearchAction","target":{"@type":"EntryPoint","urlTemplate":"http:\/\/www.iskierkapromyczektorun.com.pl\/?s={search_term_string}"},"query-input":"required name=search_term_string"}],"inLanguage":"pl-PL"},{"@type":"Organization","@id":"http:\/\/www.iskierkapromyczektorun.com.pl\/#organization","name":"Niepubliczny \u017b\u0142obek \"Iskierka i Niepubliczne Przedszkole \"Promyczek\"","url":"http:\/\/www.iskierkapromyczektorun.com.pl\/","sameAs":["https:\/\/www.instagram.com\/iskierka.promyczek.torun\/","https:\/\/www.facebook.com\/promyczek.iskierka\/"],"logo":{"@type":"ImageObject","inLanguage":"pl-PL","@id":"http:\/\/www.iskierkapromyczektorun.com.pl\/#\/schema\/logo\/image\/","url":"http:\/\/www.iskierkapromyczektorun.com.pl\/wp-content\/uploads\/2022\/07\/cropped-cropped-cropped-cropped-cropped-cropped-ISKIERKA-1.jpg","contentUrl":"http:\/\/www.iskierkapromyczektorun.com.pl\/wp-content\/uploads\/2022\/07\/cropped-cropped-cropped-cropped-cropped-cropped-ISKIERKA-1.jpg","width":250,"height":250,"caption":"Niepubliczny \u017b\u0142obek \"Iskierka i Niepubliczne Przedszkole \"Promyczek\""},"image":{"@id":"http:\/\/www.iskierkapromyczektorun.com.pl\/#\/schema\/logo\/image\/"}}]}},"_links":{"self":[{"href":"http:\/\/www.iskierkapromyczektorun.com.pl\/index.php\/wp-json\/wp\/v2\/pages\/28"}],"collection":[{"href":"http:\/\/www.iskierkapromyczektorun.com.pl\/index.php\/wp-json\/wp\/v2\/pages"}],"about":[{"href":"http:\/\/www.iskierkapromyczektorun.com.pl\/index.php\/wp-json\/wp\/v2\/types\/page"}],"author":[{"embeddable":true,"href":"http:\/\/www.iskierkapromyczektorun.com.pl\/index.php\/wp-json\/wp\/v2\/users\/1"}],"replies":[{"embeddable":true,"href":"http:\/\/www.iskierkapromyczektorun.com.pl\/index.php\/wp-json\/wp\/v2\/comments?post=28"}],"version-history":[{"count":4,"href":"http:\/\/www.iskierkapromyczektorun.com.pl\/index.php\/wp-json\/wp\/v2\/pages\/28\/revisions"}],"predecessor-version":[{"id":136,"href":"http:\/\/www.iskierkapromyczektorun.com.pl\/index.php\/wp-json\/wp\/v2\/pages\/28\/revisions\/136"}],"wp:attachment":[{"href":"http:\/\/www.iskierkapromyczektorun.com.pl\/index.php\/wp-json\/wp\/v2\/media?parent=28"}],"curies":[{"name":"wp","href":"https:\/\/api.w.org\/{rel}","templated":true}]}}